List the prime factors of m.
5
Let f = -37 - -91. Suppose 4*i - f = 2*u, -u = 4*i - 24 - 33. What are the prime factors of i?
2, 7
Suppose -5*v + 45 = -4*v. List the prime factors of v.
3, 5
Let c = 110 - 77. Let o = 9 - c. Let y = 35 + o. List the prime factors of y.
11
Let u(l) = l**2 + 4*l. Let f be u(-4). Suppose -3*s + s - k + 79 = f, -k - 194 = -5*s. What are the prime factors of s?
3, 13
Suppose o = 6*o - 10. Suppose -12 = -5*b + 3*t, 0 = -o*b - 0*b - 3*t + 9. What are the prime factors of b?
3
Let d(w) = 6*w**3 + 8*w + 4. Let j(m) = -5*m**3 - 7*m - 4. Let h(u) = -6*d(u) - 7*j(u). Let c be h(0). List the prime factors of 26/((-1)/((-2)/c)).
13
List the prime factors of 806/30 + (-4)/(-30).
3
Suppose 4*x - 7 = 13. Suppose x*m + j = -0*j + 129, m - 21 = -5*j. List the prime factors of m.
2, 13
Let u(t) = t**2 + 9*t + 2. Let k be u(-9). Suppose 0 = k*f - 12 - 6. What are the prime factors of f?
3
Suppose -2*h - 2*h + 94 = 3*x, -5*h - 5*x + 120 = 0. List the prime factors of h.
2, 11
Let o = -20 + 23. Suppose 4*y - o*y = 19. What are the prime factors of y?
19
Let f(s) = -s + 1. Let c be f(-9). Let v = c + -8. What are the prime factors of v?
2
Let b = 50 - 16. List the prime factors of b.
2, 17
Let s(y) = -y**2 + 5*y - 2. Let l be s(4). Let t(j) = 4*j**2 - 2*j - 1. List the prime factors of t(l).
11
Suppose -p = 2*c + 2 - 37, 4*c - 71 = -3*p. Let k = 4 + 2. Let m = c - k. List the prime factors of m.
11
Suppose -2*t = -0*t - 2. Let z = t + 7. Let k(r) = r - 4. List the prime factors of k(z).
2
Let o = 69 - 64. Suppose 2*x = 7*x. Suppose x = o*h, z - 4*h = -2 + 6. What are the prime factors of z?
2
Let u = 0 + 10. Let y = u + -5. Suppose 4*j = 4*g, -5*g = -4*j - 2*g + y. What are the prime factors of j?
5
Let c = -3 + 1. What are the prime factors of ((-6)/9)/(c/39)?
13
Let l(u) = 3*u**3 + 2*u**2 - u. Let h be l(1). Let x be (-4)/(-14) - (-262)/14. Suppose 0 = d + 2*d, x = q + h*d. What are the prime factors of q?
19
Let s = 1 + -1. Suppose -2*f + 6 = 0, 3*t - 5*t + f + 25 = s. What are the prime factors of -2 + -2 + t/2?
3
Let a be -3 + 4*(-6)/(-4). List the prime factors of a/6 + (-23)/(-2).
2, 3
Let j = -7 + 0. Let a(c) = c**2 + 6*c - 7. Let l be a(j). Suppose -3*z + 6 = -l. List the prime factors of z.
2
Let d be ((-32)/(-10))/((-2)/25). What are the prime factors of 24/5*d/(-12)?
2
List the prime factors of -1 - (-1)/((-1)/(-11)).
2, 5
Let d = 109 + -160. Suppose 7 = p - 2*p. What are the prime factors of d/(-7) - (-2)/p?
7
Let x = 74 + -50. Let d = x + -12. What are the prime factors of d?
2, 3
Let a = 6 + -4. Let m(p) = 2*p**2 - 3*p + 2. List the prime factors of m(a).
2
Let k = -6 - 10. Let o = -8 - k. What are the prime factors of o?
2
Suppose -2*l - 3 = 3*b - 0, -4 = 4*b. What are the prime factors of 17 + 1 + (l - -3)?
3, 7
Let b(i) = 2*i + 24. List the prime factors of b(9).
2, 3, 7
Let l(x) = x**3 + 12*x**2 - 5*x - 6. What are the prime factors of l(-7)?
2, 137
Let w = -3 + 5. Let m = 1 - -1. What are the prime factors of 7/m + w/4?
2
Suppose 3*u - 10 - 14 = 0. Suppose 2 = 5*v - u. List the prime factors of v.
2
Suppose 9 = -2*d + 7. List the prime factors of 10/((-3)/9 - d).
3, 5
Let p = 10 - 5. Suppose p*i - 56 = i. What are the prime factors of i?
2, 7
Suppose b - 5*p = 19, 3*b + 7 + 4 = -2*p. List the prime factors of 0 + b/2*-14.
7
Suppose -4*m = -200 - 36. List the prime factors of m.
59
Suppose 0*c = -c + 12. Suppose -9 = -3*a + c. List the prime factors of a.
7
Let d = -4 + 7. Suppose -3*v + d = -15. Suppose -f - v = -3*f. What are the prime factors of f?
3
Let q be (0 + -1)/((-1)/(-19)). What are the prime factors of 2 + 1 - (q - -6)?
2
List the prime factors of 28/8*(-132)/(-21).
2, 11
Suppose 2*q = 4*b + 46, 2*q - 2*b - 16 = -4*b. List the prime factors of q.
13
Let m(n) = -n**3 + 4*n**2 - 3*n + 4. Suppose y - 3 = 2*l, l + 0*l - 6 = -2*y. Let i be m(y). Suppose 0 = i*q - 8 - 4. What are the prime factors of q?
3
Let w(l) be the first derivative of l**4/4 - l**3 + l**2 + l + 2. Let n(c) = -c**2 - 6*c - 2. Let j be n(-5). List the prime factors of w(j).
7
Suppose 4*n = 5*n. Suppose 0 = -d - s, 2*d - s - 3*s = n. Suppose 0 = -d*a - 5*a + 30. List the prime factors of a.
2, 3
Let k(y) = -5*y - 25. What are the prime factors of k(-10)?
5
Suppose 0 = y - 4*r - 342, -6*y + y + 1693 = -3*r. What are the prime factors of y?
2, 13
Let x = -308 - -438. List the prime factors of x.
2, 5, 13
Let r = -8 + 11. Suppose -5*s + r*s = -20. List the prime factors of s.
2, 5
Let m = -14 + 133. List the prime factors of m.
7, 17
Suppose 2*y + 430 = 3*y - 3*g, -5*y + 2070 = g. List the prime factors of y.
5, 83
Let n(d) = d**2 - 5*d - 3. Let z(p) = -p**3 + p**2 + p + 5. Let q be z(0). Let b be n(q). What are the prime factors of 7 - (0 + -1 - b)?
5
List the prime factors of (-626)/(-10) - 8/(-20).
3, 7
Let j(w) = -5*w + 6. List the prime factors of j(-6).
2, 3
Let l(j) = -j**3 + 7*j**2 + 10. Let g be l(7). Let b(m) = 2*m - g*m - m**3 + 0*m**3 - 5 + 2*m - 5*m**2. List the prime factors of b(-4).
3
Let m = 3 + 7. List the prime factors of (-204)/m*(-10)/4.
3, 17
Let y = 12 - 14. List the prime factors of -5*8/(2/y).
2, 5
Suppose 3*f - 47 - 193 = 0. What are the prime factors of f?
2, 5
Let v(r) = 4*r. Let o be v(1). List the prime factors of (o/(-6))/(18/(-513)).
19
Let l(h) = -h**3 + h + 7. What are the prime factors of l(0)?
7
What are the prime factors of (-444)/(-15) - (-15)/(-25)?
29
Suppose 0 = -g + 5*c + 52, -5*g - 2*c + 251 = -117. What are the prime factors of g?
2, 3
Let t be 3*(-5)/((-30)/8). Suppose r + 5 = 5*q - 36, t*r - 28 = -4*q. What are the prime factors of q?
2
Suppose -30*r + 27*r = -114. What are the prime factors of r?
2, 19
Let q = 49 - 25. Suppose -2*g = -5*g + q. List the prime factors of g.
2
Let p(c) = -8*c + 1. Let m be p(-1). Suppose 0 = -r - 0*r, -3*y - 4*r + m = 0. Let q = 2 + y. List the prime factors of q.
5
Suppose y - 3*d = -7, -4*y - 3*d = -6 - 11. Suppose -5*s = j + 2, -2*j + 3*s + 41 = -y*s. What are the prime factors of j?
13
Let y(s) = 2*s - 4. Let g be y(3). Suppose 5*w - 5*l + 25 = 0, 3*l + 5 = -g*w + 20. What are the prime factors of 3*(1 + w)*2?
2, 3
Suppose 0 = -4*n - 80 - 16. What are the prime factors of (n/40)/((-2)/90)?
3
Suppose 31 = 3*l + 4*g, -l = 8*g - 4*g - 21. Suppose l*o = 4*j + 146, -4*o + 170 = -2*j + 58. List the prime factors of o.
2, 13
Let k = -34 - -66. List the prime factors of k.
2
Suppose -6*p + 7 = -47. List the prime factors of p.
3
Let r(t) = 3*t**2 + 9*t + 7. What are the prime factors of r(-6)?
61
Suppose -5*s = 5, 38 - 235 = -5*q - 3*s. List the prime factors of q.
2, 5
Let u(t) = 19*t - 1 + t - 4*t. What are the prime factors of u(2)?
31
Let k(a) = 3 - 1 + 4*a + 2*a - a**2. Suppose 3*h + 2 = 14. List the prime factors of k(h).
2, 5
Suppose -5*m = 4*w - 3*w + 12, 3*w + 16 = -5*m. What are the prime factors of (7 - (m - -4))*1?
5
Suppose 3*l + 0*l = -15. What are the prime factors of 70/l*1/(-2)?
7
Let h(y) = -2*y**3 - y**2 + 2*y. Let d(t) = t**3 + t**2 - t. Let j(i) = 3*d(i) + 2*h(i). Let g be j(-1). List the prime factors of 3 + g + 2/2.
5
Let o = -39 - -27. Let n be (1/2)/(2/o). What are the prime factors of (-1)/((-5)/n)*-5?
3
Let a(k) = k**3 - 3*k**2 - 3. Let b be a(3). What are the prime factors of 1/b + 19/3?
2, 3
Let y = 18 - 11. What are the prime factors of y?
7
Suppose 0*d - y = -2*d - 5, -3*y - 15 = 4*d. What are the prime factors of (2/3)/((-1)/d)?
2
Let y be 2/(-65)*5 + (-80)/(-13). Suppose -p - 3 = -4*o, -1 = 2*p + 2*o - 5. List the prime factors of (y + 0 + -1)*p.
5
Suppose -k = -2*k - 10. Let c be (-62)/(-3) - (-6)/(-9). Let d = k + c. List the prime factors of d.
2, 5
What are the prime factors of 14*25/(-10)*(-78)/15?
2, 7, 13
Let k(y) = 2*y**2 + 5*y + 3. Let j be k(-3). List the prime factors of j - (-2)/2*-1.
5
What are the prime factors of (-224)/3*(-10)/(20/3)?
2, 7
What are the prime factors of 9/2*76/3?
2, 3, 19
Suppose -x - 8 = -4. Let a(p) be the third derivative of p**6/120 + p**5/12 + p**4/8 - 2*p**2. List the prime factors of a(x).
2
Let w be 8*(-1 + (-9)/(-3)). Suppose -4*v - w = -2*b - 2*b, 5*b = 3*v + 22. What are the prime factors of b?
5
Let v be 10/(1*(-2)/(-11)). Suppose 12 + v = 5*h - 2*k, 59 = 5*h - 4*k. Let b = h - -1. List the